{"id":90,"date":"2025-01-19T20:30:27","date_gmt":"2025-01-19T20:30:27","guid":{"rendered":"https:\/\/cc-computec-hof.de\/?page_id=90"},"modified":"2025-01-20T11:07:48","modified_gmt":"2025-01-20T11:07:48","slug":"leasing","status":"publish","type":"page","link":"https:\/\/cc-computec-hof.de\/?page_id=90","title":{"rendered":"Leasing"},"content":{"rendered":"\n<p><\/p>\n\n\n\n<h2 class=\"wp-block-heading\"><strong>Leasen statt kaufen: Die smarte L\u00f6sung f\u00fcr moderne Bed\u00fcrfnisse<\/strong><\/h2>\n\n\n\n<p>Mit Leasing genie\u00dfen Sie maximale Flexibilit\u00e4t, ohne sich langfristig zu binden. Statt hohe Anschaffungskosten zu tragen, zahlen Sie nur f\u00fcr die Nutzung. So bleibt Ihr Budget flexibel und Sie profitieren von neuesten Modellen und Technologien. Leasen bedeutet finanzielle Planungssicherheit, weniger Risiko und immer die Option, Ihre Ausstattung an aktuelle Bed\u00fcrfnisse anzupassen. <\/p>\n\n\n\n<p>Entdecken Sie jetzt, wie Leasing Ihren Alltag einfacher und smarter macht:<\/p>\n\n\n\n<ol class=\"wp-block-list\">\n<li>Leasing bedeutet f\u00fcr Sie:&nbsp;<br>&#8211; Investition ohne Kapitaleinsatz&nbsp;<br>&#8211; Schont die Liquidit\u00e4t&nbsp;<br>&#8211; Das Eingenkapital und die bankm\u00e4\u00dfigen Sicherheiten bleiben unber\u00fchrt&nbsp;<br>&nbsp;<\/li>\n\n\n\n<li>Durch konstante, fest vereinbarte Leasing-Zahlungen \u00fcber die gesamte Laufzeit sind Sie unabh\u00e4ngig von Zinssteigerungen und haben eine klare Planungs- und Kostengrundlage, z. B. f\u00fcr innerbetriebliche Kalkulationen und Budgets.&nbsp;<br>&nbsp;<\/li>\n\n\n\n<li>Die Leasing-Vertagslaufzeit entspricht im Regelfall der Nutzungsdauer der Investition. Aufgrund des parallelen Verlaufs von Leasing-Kosten und dem Ertrag\/Nutzen aus dem Objekteinsatz k\u00f6nnen die Leasing-Raten aus dem laufenden Ertrag bezahlt werden (Grundsatz: &#8222;Pay as you earn.&#8220;)&nbsp;<br>&nbsp;<\/li>\n\n\n\n<li>Leasing-Zahlungen sind als Betriebsaufwand steuerlich voll absetzbar.&nbsp;<br>&nbsp;<\/li>\n\n\n\n<li>Beim Leasing-Nehmer fallen f\u00fcr das Leasing-Objekt keine Gewerbesteuern an.&nbsp;<br>&nbsp;<\/li>\n\n\n\n<li>Leasing ist bilanzneutral. Investitionen \u00fcber Leasing f\u00fchren deshalb nicht zu einer Verschlechterung der Bilanzoptik. Etwaige Abschreibungsprobleme entfallen.&nbsp;<br>&nbsp;<\/li>\n\n\n\n<li>Auf ver\u00e4nderte Marktverh\u00e4ltnisse kann sofort flexibler mit Neuanschaffungen reagiert werden. Man muss nicht warten, bis beispielsweise R\u00fccklagen aus Gewinnen eine Investition zulassen.&nbsp;<br>&nbsp;<\/li>\n\n\n\n<li>&#8222;Leasing auf Zeit&#8220; steht im Gegensatz zu &#8222;Kauf auf ewig&#8220; und bewirken somit ein sinnvolles \u00dcberdenken der technischen und wirtschaftlichen Aktualit\u00e4t des Betriebsverm\u00f6gens.<\/li>\n<\/ol>\n","protected":false},"excerpt":{"rendered":"<p>Leasen statt kaufen: Die smarte L\u00f6sung f\u00fcr moderne Bed\u00fcrfnisse Mit Leasing genie\u00dfen Sie maximale Flexibilit\u00e4t, ohne sich langfristig zu binden. [&hellip;]<\/p>\n","protected":false},"author":1,"featured_media":0,"parent":0,"menu_order":4,"comment_status":"closed","ping_status":"closed","template":"","meta":{"site-sidebar-layout":"default","site-content-layout":"","ast-site-content-layout":"","site-content-style":"default","site-sidebar-style":"default","ast-global-header-display":"","ast-banner-title-visibility":"","ast-main-header-display":"","ast-hfb-above-header-display":"","ast-hfb-below-header-display":"","ast-hfb-mobile-header-display":"","site-post-title":"disabled","ast-breadcrumbs-content":"","ast-featured-img":"","footer-sml-layout":"","theme-transparent-header-meta":"","adv-header-id-meta":"","stick-header-meta":"","header-above-stick-meta":"","header-main-stick-meta":"","header-below-stick-meta":"","astra-migrate-meta-layouts":"default","ast-page-background-enabled":"default","ast-page-background-meta":{"desktop":{"background-color":"var(--ast-global-color-5)","background-image":"","background-repeat":"repeat","background-position":"center center","background-size":"auto","background-attachment":"scroll","background-type":"","background-media":"","overlay-type":"","overlay-color":"","overlay-opacity":"","overlay-gradient":""},"tablet":{"background-color":"","background-image":"","background-repeat":"repeat","background-position":"center center","background-size":"auto","background-attachment":"scroll","background-type":"","background-media":"","overlay-type":"","overlay-color":"","overlay-opacity":"","overlay-gradient":""},"mobile":{"background-color":"","background-image":"","background-repeat":"repeat","background-position":"center center","background-size":"auto","background-attachment":"scroll","background-type":"","background-media":"","overlay-type":"","overlay-color":"","overlay-opacity":"","overlay-gradient":""}},"ast-content-background-meta":{"desktop":{"background-color":"var(--ast-global-color-4)","background-image":"","background-repeat":"repeat","background-position":"center center","background-size":"auto","background-attachment":"scroll","background-type":"","background-media":"","overlay-type":"","overlay-color":"","overlay-opacity":"","overlay-gradient":""},"tablet":{"background-color":"var(--ast-global-color-4)","background-image":"","background-repeat":"repeat","background-position":"center center","background-size":"auto","background-attachment":"scroll","background-type":"","background-media":"","overlay-type":"","overlay-color":"","overlay-opacity":"","overlay-gradient":""},"mobile":{"background-color":"var(--ast-global-color-4)","background-image":"","background-repeat":"repeat","background-position":"center center","background-size":"auto","background-attachment":"scroll","background-type":"","background-media":"","overlay-type":"","overlay-color":"","overlay-opacity":"","overlay-gradient":""}},"footnotes":""},"class_list":["post-90","page","type-page","status-publish","hentry"],"_links":{"self":[{"href":"https:\/\/cc-computec-hof.de\/index.php?rest_route=\/wp\/v2\/pages\/90","targetHints":{"allow":["GET"]}}],"collection":[{"href":"https:\/\/cc-computec-hof.de\/index.php?rest_route=\/wp\/v2\/pages"}],"about":[{"href":"https:\/\/cc-computec-hof.de\/index.php?rest_route=\/wp\/v2\/types\/page"}],"author":[{"embeddable":true,"href":"https:\/\/cc-computec-hof.de\/index.php?rest_route=\/wp\/v2\/users\/1"}],"replies":[{"embeddable":true,"href":"https:\/\/cc-computec-hof.de\/index.php?rest_route=%2Fwp%2Fv2%2Fcomments&post=90"}],"version-history":[{"count":5,"href":"https:\/\/cc-computec-hof.de\/index.php?rest_route=\/wp\/v2\/pages\/90\/revisions"}],"predecessor-version":[{"id":192,"href":"https:\/\/cc-computec-hof.de\/index.php?rest_route=\/wp\/v2\/pages\/90\/revisions\/192"}],"wp:attachment":[{"href":"https:\/\/cc-computec-hof.de\/index.php?rest_route=%2Fwp%2Fv2%2Fmedia&parent=90"}],"curies":[{"name":"wp","href":"https:\/\/api.w.org\/{rel}","templated":true}]}}