{"id":79,"date":"2025-01-19T20:22:55","date_gmt":"2025-01-19T20:22:55","guid":{"rendered":"https:\/\/cc-computec-hof.de\/?page_id=79"},"modified":"2025-01-24T14:12:13","modified_gmt":"2025-01-24T14:12:13","slug":"betreuung","status":"publish","type":"page","link":"https:\/\/cc-computec-hof.de\/?page_id=79","title":{"rendered":"Betreuung"},"content":{"rendered":"\n<p><\/p>\n\n\n\n<h2 class=\"wp-block-heading\"><strong>Betreuung, auf die Sie sich verlassen k\u00f6nnen!<\/strong><\/h2>\n\n\n\n<p>Ihre Bed\u00fcrfnisse stehen bei uns im Mittelpunkt. Mit unserer&nbsp;<strong>Betreuungsvereinbarung<\/strong>&nbsp;schaffen wir eine klare Grundlage f\u00fcr eine vertrauensvolle Zusammenarbeit. So k\u00f6nnen Sie sicher sein, dass Sie stets bestens unterst\u00fctzt werden \u2013 zuverl\u00e4ssig, professionell und pers\u00f6nlich.<\/p>\n\n\n\n<p><\/p>\n\n\n\n<p><strong>Technische Betreuung &#8211; St\u00f6rungsbeseitigung&nbsp;<\/strong><br>Zur Erhaltung, bzw. Wiederherstellung der Betriebsbereitschaft Ihrer DV umfasst die Betreuung selbstverst\u00e4ndlich auch den Vorortservice durch geschultes Technikpersonal.<\/p>\n\n\n\n<p><strong>Beratung &#8211; Planung<\/strong><br>Unterst\u00fctzung bei Projektierungen, Bearbeitung und Planung von DV-Vorhaben im Fachbereich bis zur Auftrags- und Realisierungsreife.<\/p>\n\n\n\n<p><strong>H\u00f6here Effizienz durch motivierte Mitarbeiter<\/strong><br>Ideen-Entwicklung, Motivation und F\u00f6rderung neuer DV-Vorhaben in den Fachabteilungen. Betreuung der Mitarbeiter bei L\u00f6sungsschwierigkeiten.<\/p>\n\n\n\n<p><strong>Erh\u00f6hung der Betriebsbereitschaft des EDV-Systems<\/strong><br>Durch Schwachstellenforschung und Erarbeitung von Verbesserungen bei der Software und der DV-Ausstattung.<\/p>\n\n\n\n<p><\/p>\n\n\n\n<p><\/p>\n","protected":false},"excerpt":{"rendered":"<p>Betreuung, auf die Sie sich verlassen k\u00f6nnen! Ihre Bed\u00fcrfnisse stehen bei uns im Mittelpunkt. Mit unserer&nbsp;Betreuungsvereinbarung&nbsp;schaffen wir eine klare Grundlage [&hellip;]<\/p>\n","protected":false},"author":1,"featured_media":0,"parent":0,"menu_order":3,"comment_status":"closed","ping_status":"closed","template":"","meta":{"site-sidebar-layout":"default","site-content-layout":"","ast-site-content-layout":"","site-content-style":"default","site-sidebar-style":"default","ast-global-header-display":"","ast-banner-title-visibility":"","ast-main-header-display":"","ast-hfb-above-header-display":"","ast-hfb-below-header-display":"","ast-hfb-mobile-header-display":"","site-post-title":"disabled","ast-breadcrumbs-content":"","ast-featured-img":"","footer-sml-layout":"","theme-transparent-header-meta":"","adv-header-id-meta":"","stick-header-meta":"","header-above-stick-meta":"","header-main-stick-meta":"","header-below-stick-meta":"","astra-migrate-meta-layouts":"default","ast-page-background-enabled":"default","ast-page-background-meta":{"desktop":{"background-color":"var(--ast-global-color-5)","background-image":"","background-repeat":"repeat","background-position":"center center","background-size":"auto","background-attachment":"scroll","background-type":"","background-media":"","overlay-type":"","overlay-color":"","overlay-opacity":"","overlay-gradient":""},"tablet":{"background-color":"","background-image":"","background-repeat":"repeat","background-position":"center center","background-size":"auto","background-attachment":"scroll","background-type":"","background-media":"","overlay-type":"","overlay-color":"","overlay-opacity":"","overlay-gradient":""},"mobile":{"background-color":"","background-image":"","background-repeat":"repeat","background-position":"center center","background-size":"auto","background-attachment":"scroll","background-type":"","background-media":"","overlay-type":"","overlay-color":"","overlay-opacity":"","overlay-gradient":""}},"ast-content-background-meta":{"desktop":{"background-color":"var(--ast-global-color-4)","background-image":"","background-repeat":"repeat","background-position":"center center","background-size":"auto","background-attachment":"scroll","background-type":"","background-media":"","overlay-type":"","overlay-color":"","overlay-opacity":"","overlay-gradient":""},"tablet":{"background-color":"var(--ast-global-color-4)","background-image":"","background-repeat":"repeat","background-position":"center center","background-size":"auto","background-attachment":"scroll","background-type":"","background-media":"","overlay-type":"","overlay-color":"","overlay-opacity":"","overlay-gradient":""},"mobile":{"background-color":"var(--ast-global-color-4)","background-image":"","background-repeat":"repeat","background-position":"center center","background-size":"auto","background-attachment":"scroll","background-type":"","background-media":"","overlay-type":"","overlay-color":"","overlay-opacity":"","overlay-gradient":""}},"footnotes":""},"class_list":["post-79","page","type-page","status-publish","hentry"],"_links":{"self":[{"href":"https:\/\/cc-computec-hof.de\/index.php?rest_route=\/wp\/v2\/pages\/79","targetHints":{"allow":["GET"]}}],"collection":[{"href":"https:\/\/cc-computec-hof.de\/index.php?rest_route=\/wp\/v2\/pages"}],"about":[{"href":"https:\/\/cc-computec-hof.de\/index.php?rest_route=\/wp\/v2\/types\/page"}],"author":[{"embeddable":true,"href":"https:\/\/cc-computec-hof.de\/index.php?rest_route=\/wp\/v2\/users\/1"}],"replies":[{"embeddable":true,"href":"https:\/\/cc-computec-hof.de\/index.php?rest_route=%2Fwp%2Fv2%2Fcomments&post=79"}],"version-history":[{"count":11,"href":"https:\/\/cc-computec-hof.de\/index.php?rest_route=\/wp\/v2\/pages\/79\/revisions"}],"predecessor-version":[{"id":223,"href":"https:\/\/cc-computec-hof.de\/index.php?rest_route=\/wp\/v2\/pages\/79\/revisions\/223"}],"wp:attachment":[{"href":"https:\/\/cc-computec-hof.de\/index.php?rest_route=%2Fwp%2Fv2%2Fmedia&parent=79"}],"curies":[{"name":"wp","href":"https:\/\/api.w.org\/{rel}","templated":true}]}}