{"id":39,"date":"2025-01-19T19:38:09","date_gmt":"2025-01-19T19:38:09","guid":{"rendered":"https:\/\/cc-computec-hof.de\/?page_id=39"},"modified":"2025-01-24T14:48:46","modified_gmt":"2025-01-24T14:48:46","slug":"startseite","status":"publish","type":"page","link":"https:\/\/cc-computec-hof.de\/","title":{"rendered":"Startseite"},"content":{"rendered":"\n<p><\/p>\n\n\n\n<h2 class=\"wp-block-heading\"><strong>Herzlich Willkommen bei CC. CompuTec Consultants GmbH &#8211; Ihr Systemhaus!<\/strong><\/h2>\n\n\n\n<p>Wir freuen uns, Sie auf unserer Seite begr\u00fc\u00dfen zu d\u00fcrfen!<\/p>\n\n\n\n<p>Als Ihr kompetenter Partner f\u00fcr IT-L\u00f6sungen bieten wir Ihnen ma\u00dfgeschneiderte Dienstleistungen und Produkte, die genau auf Ihre Bed\u00fcrfnisse zugeschnitten sind. Von der Beratung \u00fcber die Implementierung bis hin zur Wartung \u2013 wir begleiten Sie auf dem Weg in eine erfolgreiche digitale Zukunft.<\/p>\n\n\n\n<p>Ob innovative Netzwerkl\u00f6sungen, zuverl\u00e4ssige Hardware oder professionelle Softwarel\u00f6sungen \u2013 bei uns stehen Qualit\u00e4t, Service und Kundenzufriedenheit an erster Stelle. Entdecken Sie unser umfassenden Leistungen und lassen Sie uns gemeinsam die Basis f\u00fcr Ihre optimale IT-Infrastruktur schaffen.<\/p>\n\n\n\n<p><\/p>\n\n\n\n<blockquote class=\"wp-block-quote is-layout-flow wp-block-quote-is-layout-flow\">\n<p>In allen unternehmerischen Bereichen ist der Mensch der produktivste Faktor. Nur wenn Menschen die eingesetzte Informationstechnologien optimal nutzen k\u00f6nnen, tragen sie ma\u00dfgeblich zum Erfolg des Unternehmens bei.<\/p>\n<\/blockquote>\n\n\n\n<p><\/p>\n","protected":false},"excerpt":{"rendered":"<p>Herzlich Willkommen bei CC. CompuTec Consultants GmbH &#8211; Ihr Systemhaus! Wir freuen uns, Sie auf unserer Seite begr\u00fc\u00dfen zu d\u00fcrfen! [&hellip;]<\/p>\n","protected":false},"author":1,"featured_media":0,"parent":0,"menu_order":1,"comment_status":"closed","ping_status":"closed","template":"","meta":{"site-sidebar-layout":"default","site-content-layout":"","ast-site-content-layout":"","site-content-style":"default","site-sidebar-style":"default","ast-global-header-display":"","ast-banner-title-visibility":"","ast-main-header-display":"","ast-hfb-above-header-display":"","ast-hfb-below-header-display":"","ast-hfb-mobile-header-display":"","site-post-title":"disabled","ast-breadcrumbs-content":"","ast-featured-img":"","footer-sml-layout":"","theme-transparent-header-meta":"","adv-header-id-meta":"","stick-header-meta":"","header-above-stick-meta":"","header-main-stick-meta":"","header-below-stick-meta":"","astra-migrate-meta-layouts":"default","ast-page-background-enabled":"default","ast-page-background-meta":{"desktop":{"background-color":"var(--ast-global-color-5)","background-image":"","background-repeat":"repeat","background-position":"center center","background-size":"auto","background-attachment":"scroll","background-type":"","background-media":"","overlay-type":"","overlay-color":"","overlay-opacity":"","overlay-gradient":""},"tablet":{"background-color":"","background-image":"","background-repeat":"repeat","background-position":"center center","background-size":"auto","background-attachment":"scroll","background-type":"","background-media":"","overlay-type":"","overlay-color":"","overlay-opacity":"","overlay-gradient":""},"mobile":{"background-color":"","background-image":"","background-repeat":"repeat","background-position":"center center","background-size":"auto","background-attachment":"scroll","background-type":"","background-media":"","overlay-type":"","overlay-color":"","overlay-opacity":"","overlay-gradient":""}},"ast-content-background-meta":{"desktop":{"background-color":"var(--ast-global-color-4)","background-image":"","background-repeat":"repeat","background-position":"center center","background-size":"auto","background-attachment":"scroll","background-type":"","background-media":"","overlay-type":"","overlay-color":"","overlay-opacity":"","overlay-gradient":""},"tablet":{"background-color":"var(--ast-global-color-4)","background-image":"","background-repeat":"repeat","background-position":"center center","background-size":"auto","background-attachment":"scroll","background-type":"","background-media":"","overlay-type":"","overlay-color":"","overlay-opacity":"","overlay-gradient":""},"mobile":{"background-color":"var(--ast-global-color-4)","background-image":"","background-repeat":"repeat","background-position":"center center","background-size":"auto","background-attachment":"scroll","background-type":"","background-media":"","overlay-type":"","overlay-color":"","overlay-opacity":"","overlay-gradient":""}},"footnotes":""},"class_list":["post-39","page","type-page","status-publish","hentry"],"_links":{"self":[{"href":"https:\/\/cc-computec-hof.de\/index.php?rest_route=\/wp\/v2\/pages\/39","targetHints":{"allow":["GET"]}}],"collection":[{"href":"https:\/\/cc-computec-hof.de\/index.php?rest_route=\/wp\/v2\/pages"}],"about":[{"href":"https:\/\/cc-computec-hof.de\/index.php?rest_route=\/wp\/v2\/types\/page"}],"author":[{"embeddable":true,"href":"https:\/\/cc-computec-hof.de\/index.php?rest_route=\/wp\/v2\/users\/1"}],"replies":[{"embeddable":true,"href":"https:\/\/cc-computec-hof.de\/index.php?rest_route=%2Fwp%2Fv2%2Fcomments&post=39"}],"version-history":[{"count":14,"href":"https:\/\/cc-computec-hof.de\/index.php?rest_route=\/wp\/v2\/pages\/39\/revisions"}],"predecessor-version":[{"id":231,"href":"https:\/\/cc-computec-hof.de\/index.php?rest_route=\/wp\/v2\/pages\/39\/revisions\/231"}],"wp:attachment":[{"href":"https:\/\/cc-computec-hof.de\/index.php?rest_route=%2Fwp%2Fv2%2Fmedia&parent=39"}],"curies":[{"name":"wp","href":"https:\/\/api.w.org\/{rel}","templated":true}]}}